digit of (-811)/(-1) + 0*3/t?
1
Suppose 4*k - 1 - 13 = 5*u, 4*u = -2*k - 6. What is the tens digit of 7 - (u - 889) - -1?
9
What is the units digit of 109101/12 - ((-4)/(-6))/((-160)/(-180))?
1
Let p be (1 - 1)/(-7 - -5). Suppose b - 4 - 3 = p. Let c(a) = a**3 - 5*a**2 - 3*a - 1. What is the units digit of c(b)?
6
Suppose 0 = s - 2*s + 4. Let h(t) = 14*t**2 - 8*t + 5. What is the hundreds digit of h(s)?
1
Let p(t) = -9*t + 37. Suppose -2*a - 8 = -6*a. Suppose -a*s - 28 = -3*m - m, 5*m - 60 = 5*s. What is the hundreds digit of p(s)?
1
Suppose -1928 = -h - 4*r, -2*h + 3886 = -57*r + 55*r. What is the units digit of h?
0
Let v = 742 - 673. Let d = 8 - -12. Let p = v + d. What is the units digit of p?
9
Let n be ((-128)/12)/(1/12). Let q = n - -133. Suppose -q*d - 5*o + 90 = 0, 13*d + 4*o = 18*d - 99. What is the units digit of d?
9
Let j(i) = -3*i**2 + 19*i + 81. Let k be j(-10). Let x = 729 - k. What is the tens digit of x?
3
Let r = 137131 + -96909. What is the tens digit of r?
2
Let x = 75867 - 53807. What is the units digit of x?
0
Suppose -269 - 28 = -11*q. Suppose -q*i - 55 = -3025. What is the units digit of i?
0
Suppose -241*h - 102130 + 1572230 = 0. What is the thousands digit of h?
6
Suppose 5*i = -5*s + 10*s + 4200, 5*i + 3*s = 4200. Suppose i = 9*k + 3*k. What is the tens digit of k?
7
Let g = -52554 - -91562. What is the ten thousands digit of g?
3
Suppose 4*q - 115 = -3*b, 4*b + 20 + 60 = 4*q. Let w = 244 + -82. Suppose -w = -q*z + 23*z. What is the units digit of z?
1
Suppose 5*l + 2*p = 20, -5*l + 0*p = p - 15. Suppose -5*d = -3*x + l*x + 53, x = -2*d + 60. What is the units digit of x*(-9)/(-24) - (-3)/(-4)?
1
What is the hundreds digit of (81 + 4512)/((-3)/(-11))?
8
Let s(i) = 3042*i**2 - 11*i + 33. What is the thousands digit of s(2)?
2
Suppose -8908 + 1244 = -l. What is the thousands digit of l?
7
Suppose -74988 = 18*p - 351558. What is the ten thousands digit of p?
1
Let n be (0 - 6) + -75 + 50. Let h(z) = -45*z - 353. What is the hundreds digit of h(n)?
0
Suppose 0 = 38*i - 31*i - 42595. Suppose 13*f = i + 792. What is the tens digit of f?
2
Let z = 21267 - 954. What is the hundreds digit of z?
3
Let l(i) = 3*i**2 - 56*i + 48. Let j be l(42). Let w = j + -1491. What is the units digit of w?
7
Let m(o) = 35*o - 100. Let i be m(4). Suppose 0 = 28*q + i - 10484. What is the hundreds digit of q?
3
Let t be (-48)/(-600) + (-196)/(-50). What is the thousands digit of (1 - -1202) + (-16)/t?
1
Suppose 0*q + 2*s = 2*q + 320, 3*q = s - 478. Let x = -49 - q. What is the units digit of x?
0
Suppose -4*y + 3*j + 310729 = 0, 6150*y + 233078 = 6153*y + 4*j. What is the hundreds digit of y?
6
Let y(d) = 10*d - 28. Suppose -3*z - 2*z - 53 = -3*q, q + 5*z - 11 = 0. What is the tens digit of y(q)?
3
Let l(r) = -2*r**3 - 8*r**2 - 10*r - 1. Let j be l(-3). Let k(q) = -q**3 + 15*q**2 - 11*q + 1. What is the tens digit of k(j)?
6
Let a(b) = 81*b**3 - 2*b**2 - b + 3. Let l be 5 - (5 + -5) - (6 - 2). What is the units digit of a(l)?
1
Let c(o) = 371*o - 10. What is the tens digit of c(72)?
0
Let i(m) = 2*m - 7. Let w be i(6). Let u = 488 + -484. Suppose -4*a + 131 = o, 0 = w*o + u*a - 3*a - 693. What is the hundreds digit of o?
1
Let p = 243 + -243. Suppose p = 2*i + 2*i - 2*b - 2252, 1118 = 2*i + 3*b. What is the tens digit of i?
6
Let a = -1056 - -2433. Suppose 6*b - a = 1515. What is the units digit of b?
2
Suppose -264*u = -260*u + 175552. What is the units digit of u/(-13)*2/4?
8
Let p(o) = 48*o**3 + o**2 - o + 1. Let w be p(1). Suppose -4*s = 3*y - 36, -4*y - 4*s - 5 = -45. Suppose -y*i + 665 - w = 0. What is the hundreds digit of i?
1
Suppose 28*l = -174269 + 522701. What is the hundreds digit of l?
4
Suppose 0 = 8*l - 20*l + 5316. Let g = l - -99. What is the tens digit of g?
4
Let z = -21194 + 36947. What is the tens digit of z?
5
Let f be (-3)/2*16/(-12). Suppose -7*b = f*b - 126288. What is the units digit of b/80 + (-2)/5 + 0?
5
Suppose -50519 = 9*k - 146*k - 5583. Let u be (-20)/(-6) - (-2)/3. Suppose u*a - k = -2*z, 0*z = 2*z - 4*a - 328. What is the hundreds digit of z?
1
What is the units digit of 2 + (-7)/1 - (-3934 - -28)?
1
Let n = -184 - -188. Suppose 4*a - 3*v + n*v - 615 = 0, -5*v = -15. What is the hundreds digit of a?
1
Let r(h) = 3*h - 15. Suppose a + 4 - 23 = -2*x, 5*a - 143 = 2*x. Suppose 4*d = -q + 18, -2*q - a = -4*q - 5*d. What is the units digit of r(q)?
3
Suppose 70 - 73 = -r. Let l(x) = 57*x**2 - 2*x + 3. What is the hundreds digit of l(r)?
5
Suppose -5*k - 2*y = -106098, -96*k + 106080 = -91*k + 5*y. What is the thousands digit of k?
1
Let y = 10477 + -5538. What is the hundreds digit of y?
9
Let n be 2*2 - (-6 - 230). Let v = n - 221. What is the tens digit of v?
1
Let y be (83/(-2))/(2*5/(-300)). Suppose -2*i + y = 3*c, 4*c + i = -2*i + 1661. What is the units digit of c?
3
Let k = 55 - 57. Let x be (-2 - 236/(-30)) + k/(-15). Suppose -l + 76 - x = 0. What is the units digit of l?
0
Suppose -16*q = -4*q - 14712. Let t = q - 826. What is the units digit of t?
0
Let l = -446 - 216. Let t = -293 - l. What is the hundreds digit of t?
3
Let j(s) = -3*s**2 + 15*s + 3. Let p(r) = r**2 + r. Let z(b) = -2*j(b) + 2*p(b). Let x be z(-7). Suppose 5*l + x = 11*l. What is the tens digit of l?
9
Suppose 28*m + 56*m - 1899463 = 53*m. What is the tens digit of m?
7
Let z = 70 - 161. Suppose 4*c - 1296 = -4*c. Let y = z + c. What is the units digit of y?
1
Let h be 6/4*9/((-54)/(-8)). Suppose -5*t - 23 + 3 = -h*q, 20 = -5*t. What is the units digit of (-2 - 33/(-3)) + q?
9
Suppose -o = 7*o - 2208. Suppose o = 2*k + 3*h, -5*k - 2*h + 673 = -3*h. Suppose 5*z - 320 = k. What is the tens digit of z?
9
Let i(j) = 1603*j - 635. What is the hundreds digit of i(6)?
9
Let w(t) = 2019*t - 3745. What is the tens digit of w(15)?
4
What is the hundreds digit of (-2714)/(-2) + (-16 - 0 - -18)?
3
Let r(q) = 4*q - 18. Let j be r(4). Let o be j/(6/21) - -2. What is the tens digit of (-470)/o - 3/3?
9
Suppose 0 = 4*g + 3*a - 20258, -5*g - a + 23922 = -1417. What is the hundreds digit of g?
0
Suppose 0 = -13*s + 17*s + 2*p - 4426, 5*s - 5529 = p. What is the hundreds digit of s?
1
Suppose 4*r + 5*w = w + 1320, -r + 327 = 2*w. Let k = 711 - r. What is the units digit of k?
8
Let x be (2/(-8))/(23/(-92)). Suppose 2*f = -5*v + 14, -f - 22 = -5*v + x. What is the units digit of (-2095)/(-25) + v/20?
4
Let g(p) = 2*p + 52. Let o be -16 + 10 - 1*6. What is the tens digit of g(o)?
2
Let z = -3 - -1. Let h be (1/z)/((-2)/12). Suppose 82 = 2*o + 3*a, -h*a + 152 = 2*o + 2*o. What is the tens digit of o?
3
Suppose -10131*c + 10115*c = -174416. What is the ten thousands digit of c?
1
Let w be (-2)/(-16) - 1358/112. Let n(i) = -2*i - 22. Let v be n(w). What is the units digit of v/(-4)*130/(-1)?
5
Suppose 0 = 19*k - 863420 + 118506. What is the thousands digit of k?
9
Suppose 13*m = 11*m + 4. Suppose -5*d + d = -5*u + 1035, -m*u + 4*d + 426 = 0. What is the tens digit of u?
0
Let m be (4/(-8))/(-2*(-7)/(-5040)). Let z(q) = -q**2 + 5*q - 2. Let n be z(3). Suppose c - n*o = -0*o + m, o + 645 = 4*c. What is the tens digit of c?
6
Let b(z) = z**2 - 12*z - 6. Let x be b(12). Let c be (x/(-4))/((-18)/(-48)). Suppose n + 36 = 3*i - 11, 0 = 4*n - c. What is the tens digit of i?
1
Let k = 75 - 72. Suppose 0 = -k*s + 2*f + 5318, -474 = -5*s - f + 8385. What is the hundreds digit of s?
7
Suppose -30*z = -31*z + 1. Let s be 4 + 2 + z + -3. Suppose -348 = -0*v - s*v. What is the tens digit of v?
8
Let o be 8*12321/108 - (-4)/(-6). Suppose o + 975 = 3*x. What is the units digit of x?
9
Let i = -8 + 8. Suppose i = 5*t + 25 - 920. Suppose -5*l + 234 = -2*d, 4*l - 3*d - t = 11. What is the units digit of l?
6
What is the hundreds digit of 23825 + 36 + -6*(4 + -3)?
8
Suppose -p + 4*a = -10971, -5*p + 3*a = -34874 - 19896. What is the ten thousands digit of p?
1
Let m(s) = s**3 + 6*s**2 - 14*s - 4. Let a be m(-6). Suppose 78*v + 474 = a*v. What is the tens digit of v?
3
Suppose 0 = -o - 0*o - o. Suppose o*y = y. Suppose -15*w + 14*w + 37 = y. What is the units digit of w?
7
Suppose -14*g + 186 = -12*g. Let b be 5 + g - (-4)/(-1). Let w = 64 + b. What is the hundreds digit of w?
1
Let s be (-1)/(4/6)*2. Let j be (s + 1)*38/(-4). Suppose 0 = 3*p - 65 - j. What is the tens digit 